hen 129524 is divided by 9251?
10
Calculate the remainder when 359632 is divided by 24898.
11060
Calculate the remainder when 23715481 is divided by 227.
110
What is the remainder when 374418 is divided by 8186?
6048
Calculate the remainder when 45396 is divided by 44689.
707
What is the remainder when 4597786 is divided by 2586?
2464
What is the remainder when 1113475 is divided by 126?
13
What is the remainder when 102863171 is divided by 102863152?
19
What is the remainder when 1238290 is divided by 456?
250
Calculate the remainder when 2229766 is divided by 9064.
22
What is the remainder when 839640 is divided by 26?
22
Calculate the remainder when 19038 is divided by 603.
345
Calculate the remainder when 182880 is divided by 1099.
446
Calculate the remainder when 254775 is divided by 151.
38
What is the remainder when 326960 is divided by 162406?
2148
Calculate the remainder when 61239836 is divided by 5.
1
What is the remainder when 450742 is divided by 471?
466
What is the remainder when 20623 is divided by 625?
623
What is the remainder when 1300993857 is divided by 3390?
3387
Calculate the remainder when 249082 is divided by 6920.
6882
What is the remainder when 103197 is divided by 25798?
5
Calculate the remainder when 93849 is divided by 11726.
41
Calculate the remainder when 8184058 is divided by 1710.
1708
What is the remainder when 836131 is divided by 417993?
145
Calculate the remainder when 8425 is divided by 1412.
1365
What is the remainder when 4394008 is divided by 54925?
8
What is the remainder when 405964 is divided by 606?
550
What is the remainder when 97421 is divided by 76?
65
What is the remainder when 179555 is divided by 44878?
43
Calculate the remainder when 8969870 is divided by 3830.
10
What is the remainder when 1807885 is divided by 11091?
52
What is the remainder when 175417 is divided by 86996?
1425
What is the remainder when 31844 is divided by 1421?
582
What is the remainder when 153171 is divided by 3126?
3123
Calculate the remainder when 27262751 is divided by 1885.
1881
What is the remainder when 239215 is divided by 2641?
1525
Calculate the remainder when 963198 is divided by 215.
213
Calculate the remainder when 12573097 is divided by 117.
43
Calculate the remainder when 3658961 is divided by 731787.
26
Calculate the remainder when 562162 is divided by 190.
142
Calculate the remainder when 5561348 is divided by 27.
23
Calculate the remainder when 136037 is divided by 45014.
995
What is the remainder when 72554 is divided by 622?
402
What is the remainder when 452882 is divided by 26636?
70
Calculate the remainder when 596050 is divided by 595968.
82
Calculate the remainder when 75430202 is divided by 2872.
2866
Calculate the remainder when 4087249 is divided by 1395.
1294
What is the remainder when 147069 is divided by 73487?
95
What is the remainder when 1494479 is divided by 40?
39
Calculate the remainder when 1114376 is divided by 164.
160
What is the remainder when 3953397 is divided by 67?
62
What is the remainder when 1280750 is divided by 1344?
1262
Calculate the remainder when 3075811 is divided by 1162.
1159
What is the remainder when 4964098 is divided by 35?
13
Calculate the remainder when 113906 is divided by 4055.
366
Calculate the remainder when 27046 is divided by 6592.
678
Calculate the remainder when 137511632 is divided by 1897.
1896
What is the remainder when 3435311 is divided by 82?
3
Calculate the remainder when 123469 is divided by 594.
511
What is the remainder when 65674269 is divided by 316?
305
Calculate the remainder when 14062899 is divided by 220.
59
Calculate the remainder when 10128569 is divided by 71.
64
What is the remainder when 106675 is divided by 243?
241
Calculate the remainder when 2021049 is divided by 673596.
261
What is the remainder when 8534 is divided by 852?
14
Calculate the remainder when 532059 is divided by 449.
443
What is the remainder when 13653332 is divided by 9?
8
What is the remainder when 277501 is divided by 4868?
25
What is the remainder when 112369 is divided by 11270?
10939
Calculate the remainder when 2365695 is divided by 788237.
984
Calculate the remainder when 1593 is divided by 185.
113
What is the remainder when 138730 is divided by 1670?
120
What is the remainder when 892945 is divided by 841?
644
Calculate the remainder when 85412 is divided by 5907.
2714
Calculate the remainder when 1214790079 is divided by 35.
34
What is the remainder when 34286 is divided by 2842?
182
What is the remainder when 5658049 is divided by 62?
53
Calculate the remainder when 174163 is divided by 818.
747
Calculate the remainder when 1031451 is divided by 456.
435
What is the remainder when 12854699 is divided by 1056?
11
Calculate the remainder when 92178 is divided by 30725.
3
Calculate the remainder when 10916135 is divided by 344.
327
Calculate the remainder when 5503596 is divided by 5503560.
36
Calculate the remainder when 6820375 is divided by 28.
23
Calculate the remainder when 787337 is divided by 6151.
9
Calculate the remainder when 7280411 is divided by 7280407.
4
Calculate the remainder when 997756 is divided by 332575.
31
Calculate the remainder when 29653985 is divided by 337.
7
Calculate the remainder when 114994 is divided by 57484.
26
Calculate the remainder when 809067 is divided by 502.
345
Calculate the remainder when 12928633 is divided by 3893.
3873
What is the remainder when 37550 is divided by 37301?
249
Calculate the remainder when 304763 is divided by 7250.
263
What is the remainder when 106823933 is divided by 1857?
8
What is the remainder when 187043061 is divided by 6?
3
What is the remainder when 5167225 is divided by 1722402?
19
Calculate the remainder when 14454552 is divided by 43407.
21
Calculate the remainder when 846398 is divided by 4623.
389
Calculate the remainder when 1662182 is divided by 20269.
124
Calculate the remainder when 4217712 is divided by 309.
171
Calculate the remainder when 1599282 is divided by 4018.
118
Calculate the remainder when 70048201 is divided by 1946.
1931
Calculate the remainder when 501742 is divided by 83614.
58
What is the remainder when 701176 is divided by 701173?
3
Calculate the remainder when 47638 is divided by 34969.
12669
Calculate the remainder when 276196 is divided by 6755.
5996
What is the remainder when 39224 is divided by 379?
187
Calculate the remainder when 572181 is divided by 36.
33
What is the remainder when 331355 is divided by 331264?
91
Calculate the remainder when 107633 is divided by 13454.
1
What is the remainder when 63791470 is divided by 55?
50
What is the remainder when 168959 is divided by 84124?
711
Calculate the remainder when 177200685 is divided by 48.
45
What is the remainder when 127225 is divided by 1819?
1714
Calculate the remainder when 2051493 is divided by 4827.
18
Calculate the remainder when 156363769 is divided by 20782.
1
Calculate the remainder when 48104 is divided by 746.
360
What is the remainder when 97086328 is divided by 198?
196
What is the remainder when 589821 is divided by 263?
175
What is the remainder when 1069691 is divided by 356469?
284
What is the remainder when 7840903 is divided by 23?
19
What is the remainder when 15092447 is divided by 15754?
115
What is the remainder when 1993824 is divided by 117272?
200
What is the remainder when 618001 is divided by 2?
1
What is the remainder when 16611431 is divided by 8?
7
Calculate the remainder when 6796440 is divided by 164.
116
Calculate the remainder when 7094785 is divided by 727.
719
What is the remainder when 227808 is divided by 11979?
207
What is the remainder when 210368 is divided by 1593?
92
Calculate the remainder when 201145 is divided by 2180.
585
Calculate the remainder when 105364 is divided by 435.
94
What is the remainder when 652638 is divided by 652?
638
Calculate the remainder when 12520032 is divided by 46.
28
Calculate the remainder when 912986 is divided by 433.
222
What is the remainder when 212866 is divided by 1971?
1969
What is the remainder when 26041 is divided by 20073?
5968
Calculate the remainder when 2024203 is divided by 355.
348
Calculate the remainder when 165849 is divided by 184.
65
Calculate the remainder when 99718 is divided by 378.
30